s of 1567442.
2, 783721
What are the prime factors of 446325?
3, 5, 11, 541
List the prime factors of 8371235.
5, 79, 21193
What are the prime factors of 6541406?
2, 1453, 2251
What are the prime factors of 5171850?
2, 3, 5, 1277
What are the prime factors of 844555?
5, 53, 3187
List the prime factors of 1594015.
5, 23, 83, 167
What are the prime factors of 811520?
2, 5, 317
List the prime factors of 2519993.
7, 599, 601
What are the prime factors of 4328037?
3, 7, 68699
What are the prime factors of 6600639?
3, 67, 32839
What are the prime factors of 3033055?
5, 17, 2099
What are the prime factors of 3052?
2, 7, 109
What are the prime factors of 594120?
2, 3, 5, 4951
What are the prime factors of 563780?
2, 5, 7, 4027
List the prime factors of 6115112.
2, 19, 40231
What are the prime factors of 15856052?
2, 3964013
What are the prime factors of 1264576?
2, 19759
What are the prime factors of 4946420?
2, 5, 109, 2269
List the prime factors of 1470755.
5, 11, 13, 17
What are the prime factors of 86269?
86269
What are the prime factors of 697769?
29, 24061
List the prime factors of 3212773.
1109, 2897
What are the prime factors of 652159?
367, 1777
List the prime factors of 1430924.
2, 11, 17, 1913
List the prime factors of 190329.
3, 63443
What are the prime factors of 531689?
531689
List the prime factors of 2008366.
2, 29, 31, 1117
List the prime factors of 709665.
3, 5, 11, 17, 23
List the prime factors of 8319250.
2, 5, 107, 311
List the prime factors of 995323.
7, 142189
List the prime factors of 341939.
13, 29, 907
List the prime factors of 468447.
3, 7, 22307
List the prime factors of 6475048.
2, 19, 41, 1039
What are the prime factors of 271423?
23, 11801
List the prime factors of 1424334.
2, 3, 277, 857
List the prime factors of 1066565.
5, 19, 103, 109
What are the prime factors of 17529?
3, 5843
List the prime factors of 15634.
2, 7817
List the prime factors of 192441.
3, 23, 2789
List the prime factors of 9645618.
2, 3, 1607603
List the prime factors of 59620.
2, 5, 11, 271
List the prime factors of 2637167.
13, 202859
What are the prime factors of 30394052?
2, 13, 577, 1013
What are the prime factors of 555400?
2, 5, 2777
What are the prime factors of 6216874?
2, 103, 293
List the prime factors of 6842930.
2, 5, 684293
List the prime factors of 932023.
59, 15797
What are the prime factors of 258636?
2, 3, 7, 3079
List the prime factors of 137899.
37, 3727
List the prime factors of 1282808.
2, 41, 3911
What are the prime factors of 72445?
5, 14489
What are the prime factors of 7624700?
2, 5, 19, 4013
What are the prime factors of 165256?
2, 7, 13, 227
List the prime factors of 219134.
2, 109567
What are the prime factors of 1804303?
1804303
What are the prime factors of 259628?
2, 47, 1381
List the prime factors of 622896.
2, 3, 19, 683
List the prime factors of 2403022.
2, 67, 79, 227
List the prime factors of 77506.
2, 11, 13, 271
What are the prime factors of 1733131?
821, 2111
List the prime factors of 1509494.
2, 7, 73, 211
What are the prime factors of 358877?
358877
What are the prime factors of 594262?
2, 61, 4871
List the prime factors of 3974903.
109, 36467
List the prime factors of 6791653.
11, 17, 36319
What are the prime factors of 658653?
3, 241, 911
List the prime factors of 7948592.
2, 71, 6997
What are the prime factors of 700349?
13, 17, 3169
List the prime factors of 559203.
3, 53, 3517
List the prime factors of 6965978.
2, 3482989
What are the prime factors of 584704?
2, 571
What are the prime factors of 1023936?
2, 3, 5333
What are the prime factors of 221178?
2, 3, 191, 193
What are the prime factors of 13023889?
37, 131, 2687
What are the prime factors of 5528478?
2, 3, 31, 29723
What are the prime factors of 651407?
43, 15149
List the prime factors of 5179571.
19, 41, 61, 109
List the prime factors of 324856.
2, 7, 5801
What are the prime factors of 28144673?
17, 1655569
List the prime factors of 417126.
2, 3, 19, 3659
What are the prime factors of 257069?
257069
List the prime factors of 5634055.
5, 7, 17, 557
List the prime factors of 1617203.
7, 103, 2243
List the prime factors of 5859867.
3, 13, 97, 1549
What are the prime factors of 2634152?
2, 329269
What are the prime factors of 367858?
2, 193, 953
List the prime factors of 331479.
3, 12277
What are the prime factors of 454037?
43, 10559
What are the prime factors of 330256?
2, 20641
List the prime factors of 830026.
2, 415013
List the prime factors of 145386.
2, 3, 41, 197
What are the prime factors of 3143671?
3143671
List the prime factors of 237019.
237019
What are the prime factors of 147185?
5, 29437
What are the prime factors of 3584691?
3, 11, 36209
What are the prime factors of 323721?
3, 35969
List the prime factors of 3913987.
7, 11, 4621
List the prime factors of 495503.
61, 8123
List the prime factors of 206976.
2, 3, 7, 11
List the prime factors of 106607.
17, 6271
What are the prime factors of 251112?
2, 3, 10463
List the prime factors of 529897.
23, 23039
List the prime factors of 168540.
2, 3, 5, 53
What are the prime factors of 26571550?
2, 5, 37, 53, 271
What are the prime factors of 755248?
2, 13, 3631
List the prime factors of 17632.
2, 19, 29
List the prime factors of 228762.
2, 3, 71, 179
What are the prime factors of 9216732?
2, 3, 7, 113, 971
List the prime factors of 969325.
5, 7, 29, 191
List the prime factors of 4087394.
2, 19, 107563
What are the prime factors of 15313943?
19, 29, 27793
What are the prime factors of 397533?
3, 132511
List the prime factors of 5690885.
5, 719, 1583
List the prime factors of 373812.
2, 3, 31151
What are the prime factors of 128984?
2, 23, 701
What are the prime factors of 729873?
3, 81097
List the prime factors of 14579366.
2, 61, 119503
What are the prime factors of 7034870?
2, 5, 197, 3571
List the prime factors of 4624746.
2, 3, 7, 29, 3797
List the prime factors of 17945.
5, 37, 97
What are the prime factors of 168332?
2, 42083
List the prime factors of 6479008.
2, 23, 8803
What are the prime factors of 809454?
2, 3, 134909
List the prime factors of 1859726.
2, 11, 84533
What are the prime factors of 21793667?
7, 103, 167, 181
List the prime factors of 368262.
2, 3, 41, 499
List the prime factors of 4055703.
3, 1351901
What are the prime factors of 12461683?
13, 101, 9491
List the prime factors of 6911713.
73, 1297
What are the prime factors of 1373538?
2, 3, 228923
What are the prime factors of 2375203?
2375203
List the prime factors of 324346.
2, 11, 23, 641
What are the prime factors of 4218102?
2, 3, 7, 11159
List the prime factors of 15004860.
2, 3, 5, 13, 19237
What are the prime factors of 46100?
2, 5, 461
What are the prime factors of 328567?
19, 17293
List the prime factors of 188733.
3, 53, 1187
List the prime factors of 3056386.
2, 41, 37273
List the prime factors of 2027674.
2, 11, 37, 47, 53
What are the prime factors of 18526?
2, 59, 157
List the prime factors of 82542.
2, 3, 13757
What are the prime factors of 1271719?
17, 239, 313
List the prime factors of 772430.
2, 5, 77243
What are the prime factors of 142956?
2, 3, 11, 19
What are the prime factors of 285307?
11, 37, 701
What are the prime factors of 393715?
5, 7, 1607
List the prime factors of 361264.
2, 67, 337
What are the prime factors of 11669543?
41, 284623
What are the prime factors of 2695654?
2, 13, 199, 521
List the prime factors of 39680.
2, 5, 31
List the prime factors of 3860340.
2, 3, 5, 11, 5849
What are the prime factors of 1104504?
2, 3, 46021
What are the prime factors of 522157?
522157
What are the prime factors of 2539775?
5, 7, 23, 631
What are the prime factors of 28748?
2, 7187
List the prime factors of 283783.
163, 1741
What are the prime factors of 412565?
5, 109, 757
What are the prime factors of 1155092?
2, 288773
What are the prime factors of 6213243?
3, 23, 53, 1699
List the prime factors of 16548550.
2, 5, 43, 179
What are the prime factors of 557506?
2, 278753
What are the prime factors of 986195?
5, 7, 19, 1483
What are the prime factors of 18279439?
59, 491, 631
What are the prime factors of 497054?
2, 31, 8017
List the prime factors of 194259.
3, 13, 17, 293
What are the prime factors of 35082815?
5, 17, 412739
What are the prime factors of 1041164?
2, 23, 11317
List the prime fac